is the highest common factor of 32 and 1230608?
16
Calculate the highest common factor of 51 and 566763.
51
What is the greatest common factor of 8631 and 294?
21
What is the highest common divisor of 250 and 14050?
50
Calculate the highest common factor of 182284 and 229.
229
What is the highest common factor of 1197 and 882018?
171
Calculate the greatest common factor of 1582785 and 3825.
765
Calculate the highest common divisor of 2 and 92298.
2
Calculate the highest common factor of 48 and 301392.
48
What is the greatest common divisor of 13 and 1476397?
13
What is the highest common factor of 865 and 92209?
173
What is the greatest common divisor of 60 and 100890?
30
Calculate the highest common factor of 8588 and 838912.
452
What is the greatest common factor of 10620 and 2880?
180
What is the greatest common factor of 847347 and 246?
123
Calculate the highest common divisor of 127204 and 182.
14
What is the highest common factor of 3514 and 100400?
502
Calculate the greatest common divisor of 15402 and 463872.
906
What is the greatest common factor of 302680 and 161?
161
Calculate the greatest common factor of 19038 and 2565.
57
Calculate the highest common factor of 861 and 165599.
287
Calculate the greatest common divisor of 2645 and 40595.
115
Calculate the highest common divisor of 409497 and 99.
33
Calculate the highest common factor of 776 and 155297.
97
What is the greatest common divisor of 329 and 133?
7
What is the highest common factor of 8872 and 1?
1
What is the greatest common divisor of 314937 and 441?
63
What is the highest common factor of 165 and 208835?
55
What is the greatest common divisor of 231315 and 210?
105
What is the greatest common factor of 91 and 1795157?
91
Calculate the greatest common factor of 180 and 640.
20
Calculate the greatest common factor of 102084 and 1128.
564
What is the highest common divisor of 7027 and 20?
1
What is the greatest common divisor of 16820 and 87580?
580
Calculate the highest common divisor of 1 and 116819.
1
Calculate the highest common factor of 10 and 49090.
10
What is the greatest common divisor of 15261 and 72?
3
What is the greatest common divisor of 36 and 10074?
6
Calculate the highest common divisor of 5301 and 17856.
279
What is the greatest common divisor of 4305129 and 179?
179
Calculate the greatest common divisor of 2548659 and 2612.
653
What is the greatest common factor of 260400 and 1176?
168
Calculate the highest common factor of 477 and 16377.
159
What is the highest common factor of 84 and 100758?
42
Calculate the greatest common divisor of 2271412 and 13.
13
Calculate the greatest common divisor of 182173 and 67.
67
Calculate the greatest common divisor of 25060 and 60.
20
Calculate the greatest common divisor of 290 and 1250451.
29
Calculate the greatest common factor of 231860 and 30.
10
Calculate the highest common divisor of 5505 and 7920.
15
What is the greatest common factor of 10 and 32210?
10
Calculate the highest common divisor of 21 and 150.
3
Calculate the greatest common divisor of 861535 and 15.
5
What is the greatest common divisor of 48813 and 3?
3
What is the highest common divisor of 429 and 173701?
11
What is the highest common factor of 412 and 94348?
412
What is the highest common divisor of 3734 and 5?
1
What is the greatest common divisor of 4044 and 405074?
674
Calculate the greatest common factor of 4031676 and 11.
11
What is the greatest common divisor of 282 and 1456953?
141
Calculate the highest common factor of 65067 and 82.
41
Calculate the greatest common divisor of 5850 and 29925.
225
Calculate the highest common divisor of 2404416 and 1344.
1344
Calculate the greatest common factor of 869130 and 162.
162
Calculate the highest common factor of 3 and 10055.
1
Calculate the highest common divisor of 232 and 238148.
116
What is the highest common factor of 29016 and 3534?
186
Calculate the highest common factor of 116 and 25868.
116
What is the greatest common divisor of 438958 and 104?
26
What is the greatest common factor of 110741 and 82?
41
What is the highest common divisor of 8515 and 2227?
131
What is the highest common divisor of 38 and 1434899?
19
Calculate the highest common divisor of 17008 and 80.
16
What is the greatest common factor of 118446 and 38?
38
What is the highest common divisor of 297514 and 28245?
1883
Calculate the highest common factor of 16224 and 120.
24
Calculate the highest common factor of 279830 and 20.
10
Calculate the highest common factor of 188 and 58139.
47
Calculate the highest common divisor of 584 and 1528.
8
Calculate the greatest common divisor of 4661 and 295.
59
What is the highest common factor of 1909 and 1081?
23
What is the greatest common divisor of 507871 and 14?
7
Calculate the greatest common divisor of 1880 and 500.
20
What is the highest common factor of 3266 and 2990?
46
What is the highest common divisor of 24664926 and 1938?
1938
Calculate the highest common divisor of 246 and 7794.
6
Calculate the highest common divisor of 6745 and 125.
5
Calculate the greatest common divisor of 14 and 1919078.
14
Calculate the highest common divisor of 59840 and 1600.
320
What is the highest common factor of 21351 and 6?
3
What is the highest common divisor of 13080 and 150?
30
What is the highest common divisor of 9503 and 43979?
221
What is the highest common factor of 308 and 68236?
28
What is the highest common factor of 238 and 675206?
238
What is the greatest common factor of 8778 and 173679?
627
Calculate the greatest common divisor of 248875 and 11765.
905
What is the greatest common factor of 226 and 114017?
113
Calculate the highest common divisor of 445295 and 18241.
1073
Calculate the highest common divisor of 33 and 21703.
11
Calculate the greatest common divisor of 42361 and 22.
11
What is the greatest common factor of 3328420 and 80?
20
What is the highest common divisor of 140 and 7910?
70
What is the greatest common factor of 4768 and 4?
4
Calculate the greatest common factor of 2059139 and 1151.
1151
What is the greatest common factor of 57132 and 76?
4
Calculate the highest common factor of 28 and 183756.
4
Calculate the highest common factor of 15247 and 193.
193
Calculate the greatest common divisor of 956 and 68.
4
Calculate the greatest common factor of 4 and 164386.
2
Calculate the greatest common divisor of 366 and 26108.
122
What is the greatest common factor of 46854 and 6498?
342
What is the highest common divisor of 50 and 66595?
5
What is the greatest common factor of 162056 and 1880?
376
Calculate the greatest common divisor of 1844 and 390.
2
Calculate the highest common factor of 9715 and 580.
145
Calculate the highest common factor of 43073 and 6289.
19
What is the greatest common factor of 4107 and 11766?
111
Calculate the highest common factor of 10686 and 4384.
274
What is the highest common factor of 64 and 31256?
8
Calculate the highest common divisor of 258 and 51987.
129
What is the greatest common factor of 20228 and 104?
52
Calculate the highest common divisor of 1914 and 7040.
22
Calculate the greatest common factor of 2656964 and 102.
34
What is the highest common divisor of 16400 and 500?
100
What is the highest common divisor of 2121 and 164913?
21
Calculate the highest common divisor of 130 and 90493.
13
What is the greatest common divisor of 1126207 and 1441?
131
What is the greatest common factor of 28497 and 207?
69
What is the greatest common divisor of 3282 and 30?
6
What is the greatest common divisor of 702838 and 141?
47
Calculate the highest common divisor of 39791 and 1.
1
Calculate the greatest common factor of 372 and 2494.
2
Calculate the highest common factor of 924 and 9746.
22
Calculate the greatest common factor of 757120 and 754.
26
What is the greatest common divisor of 4848 and 186?
6
Calculate the greatest common divisor of 37286 and 15928.
362
Calculate the highest common factor of 338 and 182.
26
Calculate the greatest common factor of 28105 and 2190.
365
What is the greatest common divisor of 139913 and 1629?
181
Calculate the greatest common factor of 1740 and 9628.
116
Calculate the highest common factor of 678 and 1187517.
339
Calculate the greatest common divisor of 15604 and 1577.
83
What is the highest co